6.
44
Calculate the greatest common divisor of 38 and 22781.
19
What is the greatest common factor of 414 and 54?
18
What is the greatest common divisor of 637 and 65?
13
Calculate the highest common factor of 7 and 553.
7
What is the greatest common divisor of 25 and 47825?
25
Calculate the greatest common factor of 36 and 58.
2
Calculate the greatest common factor of 10 and 5.
5
What is the greatest common factor of 620 and 12?
4
Calculate the highest common divisor of 5 and 95.
5
What is the highest common factor of 14 and 9443?
7
Calculate the highest common factor of 56 and 21.
7
Calculate the highest common factor of 36 and 60.
12
What is the greatest common divisor of 450 and 30?
30
Calculate the highest common factor of 51 and 1632.
51
Calculate the greatest common factor of 1361 and 3.
1
What is the greatest common factor of 52 and 260?
52
What is the greatest common factor of 660 and 960?
60
What is the highest common factor of 204 and 372?
12
What is the highest common divisor of 22 and 5181?
11
Calculate the greatest common divisor of 3003 and 924.
231
Calculate the greatest common factor of 54 and 398.
2
What is the greatest common divisor of 376 and 1645?
47
What is the highest common factor of 276 and 35236?
92
Calculate the greatest common divisor of 510 and 20570.
170
Calculate the greatest common divisor of 13 and 26.
13
Calculate the highest common factor of 920 and 5865.
115
Calculate the highest common divisor of 36 and 270.
18
Calculate the highest common divisor of 275 and 33.
11
What is the greatest common divisor of 23419 and 44?
11
Calculate the greatest common divisor of 335 and 402.
67
What is the greatest common factor of 63 and 2667?
21
What is the highest common divisor of 10 and 635?
5
Calculate the greatest common divisor of 266 and 23009.
133
Calculate the greatest common factor of 621 and 54.
27
What is the highest common factor of 37 and 1517?
37
Calculate the greatest common divisor of 13740 and 120.
60
Calculate the highest common factor of 410 and 574.
82
Calculate the highest common factor of 1310 and 10.
10
Calculate the greatest common divisor of 20 and 4760.
20
What is the greatest common divisor of 1651 and 13?
13
Calculate the highest common factor of 12184 and 8.
8
What is the greatest common factor of 32 and 14?
2
What is the greatest common factor of 275 and 132?
11
What is the highest common divisor of 28 and 2?
2
What is the highest common divisor of 96 and 168?
24
Calculate the highest common factor of 108 and 1422.
18
What is the greatest common divisor of 1675 and 67?
67
What is the greatest common factor of 10 and 690?
10
What is the greatest common divisor of 360 and 72?
72
Calculate the greatest common factor of 1960 and 1.
1
Calculate the highest common factor of 8 and 7256.
8
What is the highest common divisor of 10 and 3?
1
Calculate the highest common factor of 1672 and 352.
88
What is the greatest common factor of 288 and 198?
18
Calculate the greatest common divisor of 308 and 5775.
77
What is the greatest common factor of 74 and 185?
37
What is the greatest common divisor of 2923 and 74?
37
Calculate the highest common factor of 36 and 12372.
12
What is the greatest common factor of 10 and 30?
10
Calculate the greatest common factor of 798 and 3857.
133
What is the highest common factor of 50 and 2375?
25
Calculate the highest common factor of 312 and 160.
8
What is the highest common factor of 144 and 16?
16
What is the greatest common factor of 520 and 403?
13
Calculate the greatest common divisor of 6 and 212.
2
What is the highest common factor of 5 and 40?
5
Calculate the greatest common divisor of 145 and 375.
5
What is the greatest common factor of 89 and 17?
1
What is the greatest common divisor of 66 and 363?
33
Calculate the highest common factor of 336 and 1029.
21
What is the highest common divisor of 39 and 598?
13
Calculate the greatest common factor of 1415 and 5.
5
What is the greatest common factor of 700 and 28?
28
What is the highest common divisor of 76 and 36?
4
What is the highest common factor of 249 and 3?
3
What is the greatest common factor of 1029 and 392?
49
What is the highest common divisor of 46 and 368?
46
What is the greatest common factor of 407 and 33?
11
What is the highest common divisor of 24 and 104?
8
Calculate the highest common factor of 357 and 1974.
21
What is the greatest common factor of 5546 and 564?
94
What is the highest common divisor of 14 and 448?
14
Calculate the highest common divisor of 132 and 204.
12
Calculate the highest common divisor of 20894 and 31.
31
What is the highest common factor of 861 and 117?
3
What is the greatest common divisor of 14841 and 459?
153
What is the highest common factor of 97 and 5?
1
Calculate the highest common divisor of 325 and 13.
13
Calculate the greatest common divisor of 24 and 32.
8
What is the highest common factor of 855 and 1406?
19
What is the highest common divisor of 45 and 60?
15
What is the highest common divisor of 1147 and 37?
37
What is the highest common divisor of 69 and 161?
23
Calculate the greatest common divisor of 260 and 24440.
260
What is the greatest common divisor of 24 and 39?
3
Calculate the highest common factor of 4 and 140.
4
Calculate the greatest common factor of 4368 and 130.
26
Calculate the highest common factor of 332 and 913.
83
What is the greatest common divisor of 10292 and 62?
62
What is the greatest common factor of 60 and 140?
20
What is the greatest common divisor of 4 and 76?
4
What is the greatest common divisor of 1556 and 4?
4
Calculate the greatest common divisor of 1554 and 308.
14
Calculate the highest common divisor of 1161 and 43.
43
Calculate the greatest common divisor of 99 and 19107.
99
What is the highest common factor of 8200 and 200?
200
What is the greatest common factor of 275 and 8975?
25
What is the highest common divisor of 40 and 52?
4
What is the greatest common factor of 1066 and 82?
82
Calculate the greatest common factor of 64 and 31936.
64
Calculate the greatest common factor of 33 and 1177.
11
What is the highest common divisor of 550 and 88?
22
Calculate the greatest common divisor of 414 and 644.
46
Calculate the greatest common factor of 129 and 2537.
43
Calculate the greatest common factor of 9 and 279.
9
Calculate the highest common factor of 10 and 1210.
10
What is the greatest common factor of 44 and 1188?
44
What is the highest common factor of 2428 and 12?
4
Calculate the highest common factor of 17 and 918.
17
Calculate the greatest common divisor of 4268 and 132.
44
What is the greatest common divisor of 506 and 46?
46
What is the highest common factor of 22 and 8195?
11
Calculate the highest common factor of 98 and 266.
14
Calculate the greatest common factor of 4 and 626.
2
What is the greatest common divisor of 531 and 885?
177
Calculate the greatest common divisor of 256 and 1856.
64
Calculate the greatest common divisor of 3152 and 128.
16
Calculate the greatest common factor of 3440 and 1840.
80
What is the highest common divisor of 27 and 432?
27
Calculate the greatest common factor of 17 and 47.
1
Calculate the highest common divisor of 175 and 35.
35
Calculate the highest common factor of 9 and 405.
9
What is the greatest common factor of 14448 and 172?
172
Calculate the highest common factor of 540 and 8730.
90
Calculate the highest common factor of 5 and 375.
5
Calculate the greatest common divisor of 318 and 5618.
106
Calculate the greatest common divisor of 38 and 437.
19
Calculate the greatest common factor of 340 and 2125.
85
What is the highest common factor of 5 and 5590?
5
What is the highest common divisor of 558 and 62?
62
What is the greatest common factor of 42 and 434?
14
Calculate the greatest common factor of 25 and 105.
5
Calculate the greatest common factor of 715 and 220.
55
What is the greatest common factor of 70360 and 40?
40
What is the highest common factor of 48 and 5244?
12
Calculate the highest common divisor of 405 and 15.
15
Calculate the highest common divisor of 204 and 16167.
51
What is the highest common divisor of 99 and 9?
9
What is the greatest common factor of 749 and 7?
7
What is the greatest common divisor of 62 and 124?
62
What is the greatest common factor 